{"id":8,"date":"2013-10-21T14:44:56","date_gmt":"2013-10-21T13:44:56","guid":{"rendered":"http:\/\/localhost\/acced-location\/?page_id=2"},"modified":"2025-01-12T11:30:46","modified_gmt":"2025-01-12T10:30:46","slug":"accueil","status":"publish","type":"page","link":"http:\/\/acced-location.bzh\/","title":{"rendered":"Accueil"},"content":{"rendered":"<p>ACCED Location a \u00e9t\u00e9 cr\u00e9\u00e9 en 2001 et est situ\u00e9 \u00e0 <strong>Loud\u00e9ac <\/strong>dans les <strong>C\u00f4tes d&rsquo;Armor (22)<\/strong>, en centre Bretagne.<\/p>\n<p>Longtemps sp\u00e9cialiste de la location de nacelles (articul\u00e9es, ciseaux, diesel, \u00e9lectriques) et de chariots industriels et t\u00e9lescopiques (de 7 m\u00e8tres \u00e0 18 m\u00e8tres), ACCED Location vous propose d\u00e9sormais une large gamme de services de location :<\/p>\n<p>&#8211; Location de coffrage (banches manuportables).<br \/>\n&#8211; Location d&rsquo;\u00e9chafaudages roulants, plateformes roulantes (3mx3m).<br \/>\n&#8211; Location de solutions modulaires (conteneurs, bungalows, salles de r\u00e9union, sanitaire raccordables).<br \/>\n&#8211; Location de groupes \u00e9lectrog\u00e8nes (&gt;60kva).<br \/>\n&#8211; Location de sanitaires autonomes avec services compris.<br \/>\n&#8211; Location de courtes, moyennes et longues dur\u00e9es.<br \/>\n&#8211; Location avec et sans chauffeur.<br \/>\n&#8211; Formation avec organismes agr\u00e9\u00e9s (site et salle de formation \u00e0 disposition).<\/p>\n<p>Nous servons nos clients sur de grands p\u00f4les d&rsquo;activit\u00e9, comme St Brieuc, Lamballe, Carhaix, Lorient, Auray, Vannes, Plo\u00ebrmel, Pontivy, St Meen Le Grand, tous situ\u00e9s \u00e0 moins de 80km de nos bases.<\/p>\n<p>Nous sommes \u00e0 votre service tous les jours du lundi au vendredi, toute l&rsquo;ann\u00e9e.<br \/>\nNous livrons sur toute la Bretagne. Nous assurons des formations CACES pour chariots et nacelles.<\/p>\n<p>Pour de plus amples renseignements, la soci\u00e9t\u00e9<strong> Acced Location <\/strong>est \u00e0 votre disposition concernant la location de mat\u00e9riels.<\/p>\n<div class=\"blocolor\">\n<h3>Actualit\u00e9s<\/h3>\n<div id=\"js_5x\" class=\"_5pbx userContent _3576\" data-testid=\"post_message\" data-ft=\"{&quot;tn&quot;:&quot;K&quot;}\">\n<p>Retrouvez nous dans nos nouveaux locaux au 103 Rue Arthur Enaud, toujours \u00e0 Loud\u00e9ac !<\/p>\n<p><a href=\"https:\/\/goo.gl\/maps\/E1MybkM7tJ1F5Mtx6\">En savoir plus&#8230;<\/a><\/p>\n<p>Intervention de notre Nacelle 26 m\u00e8tres pour l\u2019installation d\u2019un silo agricole \u00e0 St Guen (22)<\/p>\n<p><a href=\"https:\/\/www.facebook.com\/accedlocation\/posts\/2732409813509282\">En vid\u00e9o&#8230;<\/a><\/p>\n<\/div>\n<\/div>\n<div class=\"blocolor\">\n<h3>Informations<\/h3>\n<p>Ce site a \u00e9t\u00e9 r\u00e9alis\u00e9 par <strong>MOBIUS Infographie<\/strong>.<\/p>\n<p style=\"text-align: right;\"><a href=\"http:\/\/mobius-infographie.com\/\" target=\"_blank\" rel=\"noopener noreferrer\">En savoir plus&#8230;<\/a><\/p>\n<\/div>\n","protected":false},"excerpt":{"rendered":"<p>ACCED Location a \u00e9t\u00e9 cr\u00e9\u00e9 en 2001 et est situ\u00e9 \u00e0 Loud\u00e9ac dans les C\u00f4tes d&rsquo;Armor (22), en centre Bretagne. Longtemps sp\u00e9cialiste de la location de nacelles (articul\u00e9es, ciseaux, diesel, \u00e9lectriques) et de chariots industriels et t\u00e9lescopiques (de 7 m\u00e8tres \u00e0 18 m\u00e8tres), ACCED Location vous propose d\u00e9sormais une large &#8230;<\/p>\n","protected":false},"author":1,"featured_media":0,"parent":0,"menu_order":0,"comment_status":"closed","ping_status":"closed","template":"template-landing-page.php","meta":[],"_links":{"self":[{"href":"http:\/\/acced-location.bzh\/index.php?rest_route=\/wp\/v2\/pages\/8"}],"collection":[{"href":"http:\/\/acced-location.bzh\/index.php?rest_route=\/wp\/v2\/pages"}],"about":[{"href":"http:\/\/acced-location.bzh\/index.php?rest_route=\/wp\/v2\/types\/page"}],"author":[{"embeddable":true,"href":"http:\/\/acced-location.bzh\/index.php?rest_route=\/wp\/v2\/users\/1"}],"replies":[{"embeddable":true,"href":"http:\/\/acced-location.bzh\/index.php?rest_route=%2Fwp%2Fv2%2Fcomments&post=8"}],"version-history":[{"count":19,"href":"http:\/\/acced-location.bzh\/index.php?rest_route=\/wp\/v2\/pages\/8\/revisions"}],"predecessor-version":[{"id":1567,"href":"http:\/\/acced-location.bzh\/index.php?rest_route=\/wp\/v2\/pages\/8\/revisions\/1567"}],"wp:attachment":[{"href":"http:\/\/acced-location.bzh\/index.php?rest_route=%2Fwp%2Fv2%2Fmedia&parent=8"}],"curies":[{"name":"wp","href":"https:\/\/api.w.org\/{rel}","templated":true}]}}